{"id":27,"date":"2021-05-09T10:33:47","date_gmt":"2021-05-09T10:33:47","guid":{"rendered":"https:\/\/temtapetes.com.br\/2021\/?page_id=27"},"modified":"2021-06-18T14:22:44","modified_gmt":"2021-06-18T14:22:44","slug":"nossa-empresa","status":"publish","type":"page","link":"https:\/\/temtapetes.com.br\/2021\/nossa-empresa\/","title":{"rendered":"Nossa Empresa"},"content":{"rendered":"\t\t<div data-elementor-type=\"wp-page\" data-elementor-id=\"27\" class=\"elementor elementor-27\">\n\t\t\t\t\t\t<section class=\"elementor-section elementor-top-section elementor-element elementor-element-ffaaf08 elementor-section-boxed elementor-section-height-default elementor-section-height-default\" data-id=\"ffaaf08\" data-element_type=\"section\">\n\t\t\t\t\t\t<div class=\"elementor-container elementor-column-gap-default\">\n\t\t\t\t\t<div class=\"elementor-column elementor-col-100 elementor-top-column elementor-element elementor-element-306f98e\" data-id=\"306f98e\" data-element_type=\"column\">\n\t\t\t<div class=\"elementor-widget-wrap elementor-element-populated\">\n\t\t\t\t\t\t<div class=\"elementor-element elementor-element-93b048b elementor-widget elementor-widget-heading\" data-id=\"93b048b\" data-element_type=\"widget\" data-widget_type=\"heading.default\">\n\t\t\t\t<div class=\"elementor-widget-container\">\n\t\t\t\t\t<h2 class=\"elementor-heading-title elementor-size-default\">Nossa Empresa<\/h2>\t\t\t\t<\/div>\n\t\t\t\t<\/div>\n\t\t\t\t\t<\/div>\n\t\t<\/div>\n\t\t\t\t\t<\/div>\n\t\t<\/section>\n\t\t\t\t<section class=\"elementor-section elementor-top-section elementor-element elementor-element-06690db elementor-section-full_width elementor-section-height-default elementor-section-height-default\" data-id=\"06690db\" data-element_type=\"section\" data-settings=\"{&quot;sticky&quot;:&quot;top&quot;,&quot;sticky_on&quot;:[&quot;desktop&quot;,&quot;tablet&quot;,&quot;mobile&quot;],&quot;sticky_offset&quot;:0,&quot;sticky_effects_offset&quot;:0}\">\n\t\t\t\t\t\t<div class=\"elementor-container elementor-column-gap-no\">\n\t\t\t\t\t<div class=\"elementor-column elementor-col-33 elementor-top-column elementor-element elementor-element-dbb635e\" data-id=\"dbb635e\" data-element_type=\"column\">\n\t\t\t<div class=\"elementor-widget-wrap elementor-element-populated\">\n\t\t\t\t\t\t<div class=\"elementor-element elementor-element-ce7f9e2 elementor-widget elementor-widget-image\" data-id=\"ce7f9e2\" data-element_type=\"widget\" data-widget_type=\"image.default\">\n\t\t\t\t<div class=\"elementor-widget-container\">\n\t\t\t\t\t\t\t\t\t\t\t\t\t\t\t\t<a href=\"https:\/\/api.whatsapp.com\/send?phone=+5521968503721\">\n\t\t\t\t\t\t\t<img decoding=\"async\" width=\"102\" height=\"105\" src=\"https:\/\/temtapetes.com.br\/2021\/wp-content\/uploads\/2021\/06\/whatsapp-1.gif\" class=\"attachment-large size-large wp-image-878\" alt=\"\" \/>\t\t\t\t\t\t\t\t<\/a>\n\t\t\t\t\t\t\t\t\t\t\t\t\t\t\t<\/div>\n\t\t\t\t<\/div>\n\t\t\t\t\t<\/div>\n\t\t<\/div>\n\t\t\t\t<div class=\"elementor-column elementor-col-33 elementor-top-column elementor-element elementor-element-65c880e\" data-id=\"65c880e\" data-element_type=\"column\">\n\t\t\t<div class=\"elementor-widget-wrap elementor-element-populated\">\n\t\t\t\t\t\t<div class=\"elementor-element elementor-element-3f6c332 elementor-align-left elementor-widget elementor-widget-button\" data-id=\"3f6c332\" data-element_type=\"widget\" data-widget_type=\"button.default\">\n\t\t\t\t<div class=\"elementor-widget-container\">\n\t\t\t\t\t\t\t\t\t<div class=\"elementor-button-wrapper\">\n\t\t\t\t\t<a class=\"elementor-button elementor-button-link elementor-size-sm\" href=\"https:\/\/api.whatsapp.com\/send?phone=+5521968503721\">\n\t\t\t\t\t\t<span class=\"elementor-button-content-wrapper\">\n\t\t\t\t\t\t\t\t\t<span class=\"elementor-button-text\">Me Chama Aqui!!<\/span>\n\t\t\t\t\t<\/span>\n\t\t\t\t\t<\/a>\n\t\t\t\t<\/div>\n\t\t\t\t\t\t\t\t<\/div>\n\t\t\t\t<\/div>\n\t\t\t\t\t<\/div>\n\t\t<\/div>\n\t\t\t\t<div class=\"elementor-column elementor-col-33 elementor-top-column elementor-element elementor-element-4d19a42\" data-id=\"4d19a42\" data-element_type=\"column\">\n\t\t\t<div class=\"elementor-widget-wrap\">\n\t\t\t\t\t\t\t<\/div>\n\t\t<\/div>\n\t\t\t\t\t<\/div>\n\t\t<\/section>\n\t\t\t\t<section class=\"elementor-section elementor-top-section elementor-element elementor-element-45ba05a elementor-section-boxed elementor-section-height-default elementor-section-height-default\" data-id=\"45ba05a\" data-element_type=\"section\">\n\t\t\t\t\t\t<div class=\"elementor-container elementor-column-gap-default\">\n\t\t\t\t\t<div class=\"elementor-column elementor-col-100 elementor-top-column elementor-element elementor-element-51ba75f\" data-id=\"51ba75f\" data-element_type=\"column\">\n\t\t\t<div class=\"elementor-widget-wrap elementor-element-populated\">\n\t\t\t\t\t\t<div class=\"elementor-element elementor-element-0042622 elementor-widget elementor-widget-image\" data-id=\"0042622\" data-element_type=\"widget\" data-widget_type=\"image.default\">\n\t\t\t\t<div class=\"elementor-widget-container\">\n\t\t\t\t\t\t\t\t\t\t\t\t\t\t\t<img fetchpriority=\"high\" decoding=\"async\" width=\"800\" height=\"133\" src=\"https:\/\/temtapetes.com.br\/2021\/wp-content\/uploads\/2021\/06\/tem-tapetes.png\" class=\"attachment-large size-large wp-image-388\" alt=\"\" srcset=\"https:\/\/temtapetes.com.br\/2021\/wp-content\/uploads\/2021\/06\/tem-tapetes.png 960w, https:\/\/temtapetes.com.br\/2021\/wp-content\/uploads\/2021\/06\/tem-tapetes-300x50.png 300w, https:\/\/temtapetes.com.br\/2021\/wp-content\/uploads\/2021\/06\/tem-tapetes-768x128.png 768w\" sizes=\"(max-width: 800px) 100vw, 800px\" \/>\t\t\t\t\t\t\t\t\t\t\t\t\t\t\t<\/div>\n\t\t\t\t<\/div>\n\t\t\t\t\t<\/div>\n\t\t<\/div>\n\t\t\t\t\t<\/div>\n\t\t<\/section>\n\t\t\t\t<section class=\"elementor-section elementor-top-section elementor-element elementor-element-1c7d8cd elementor-section-boxed elementor-section-height-default elementor-section-height-default\" data-id=\"1c7d8cd\" data-element_type=\"section\">\n\t\t\t\t\t\t<div class=\"elementor-container elementor-column-gap-default\">\n\t\t\t\t\t<div class=\"elementor-column elementor-col-100 elementor-top-column elementor-element elementor-element-12ce023\" data-id=\"12ce023\" data-element_type=\"column\">\n\t\t\t<div class=\"elementor-widget-wrap elementor-element-populated\">\n\t\t\t\t\t\t<div class=\"elementor-element elementor-element-1499198 elementor-widget elementor-widget-text-editor\" data-id=\"1499198\" data-element_type=\"widget\" data-widget_type=\"text-editor.default\">\n\t\t\t\t<div class=\"elementor-widget-container\">\n\t\t\t\t\t\t\t\t\t<p>O casal jovem de empres\u00e1rios de Niter\u00f3i com apenas 22 anos de idade resolvem vender tapetes pelas ruas da cidade levando como objetivo para seus clientes a limpeza dos cal\u00e7ados antes de entrar na loja ou condom\u00ednio e tamb\u00e9m a divulga\u00e7\u00e3o da logomarca a seus p\u00e9s, ou seja propaganda e limpeza em um \u00fanico produto e foi assim tamb\u00e9m com a ajuda da internet, com apenas 4 pessoas na equipe um era vendedor interno outro vendedor externo um financeiro e apenas um na produ\u00e7\u00e3o.<br \/><br \/>Com o tempo, nossa marca de tapetes personalizados foi crescendo no Rio de Janeiro, fomos adquirindo confian\u00e7a dos nossos clientes e levando nossa marca para todos os cantos, sempre priorizando atendimento e entrega. Nosso material sempre de primeira qualidade e dando todo o suporte para o cliente.<br \/><br \/>Hoje, com apenas 8 anos no mercado nossa empresa j\u00e1 produziu mais de 1 milh\u00e3o de tapetes, com menor prazo de entrega do Rio de Janeiro. Atendemos nossos clientes com total presteza e parceria.<br \/><br \/>Entregamos tapetes em todo o Brasil e para pa\u00edses como Angola e Austr\u00e1lia.<br \/>Nossos colaboradores s\u00e3o nossa equipe de parceiros que hoje juntos somamos 34 pessoas diretas levando para nossos cliente a melhor tecnologia de personaliza\u00e7\u00e3o no mercado de tapetes, a primeira empresa de tapetes personalizados no Rio de Janeiro a ter m\u00e1quina com tecnologia ultra de pigmenta\u00e7\u00e3o e recorte eletr\u00f4nico de tapetes trazendo o que tem de melhor no mercado para durabilidade do tapete no local escolhido por nossos clientes.<br \/><br \/>A Tem Tapetes \u00e9 a empresa de tapetes com o atendimento mais r\u00e1pido do mercado, onde voc\u00ea pede, recebe o pre\u00e7o aprova e pronto seu tapete em alguns dias j\u00e1 est\u00e1 a\u00ed encaixado perfeitamente no seu espa\u00e7o.<br \/>Temos uma equipe de designer para preparar a melhor arte para o seu tapete personalizado deixando a sua cara e do seu jeito.<br \/><br \/>Temos os representantes mais completos e experientes hoje para tirar d\u00favidas e solucionar todos os tipos de op\u00e7\u00f5es no espa\u00e7o do nosso cliente.<br \/><br \/>Entrega especializada em tapetes, nossos t\u00e9cnicos entregam e fazem com que seus tapetes encaixem perfeitamente no seu espa\u00e7o.<\/p><p>Tem Tapetes, onde voc\u00ea compra e n\u00e3o se arrepende.<\/p>\t\t\t\t\t\t\t\t<\/div>\n\t\t\t\t<\/div>\n\t\t\t\t\t<\/div>\n\t\t<\/div>\n\t\t\t\t\t<\/div>\n\t\t<\/section>\n\t\t\t\t<\/div>\n\t\t","protected":false},"excerpt":{"rendered":"<p>Nossa Empresa Me Chama Aqui!! O casal jovem de empres\u00e1rios de Niter\u00f3i com apenas 22 anos de idade resolvem vender tapetes pelas ruas da cidade levando como objetivo para seus clientes a limpeza dos cal\u00e7ados antes de entrar na loja ou condom\u00ednio e tamb\u00e9m a divulga\u00e7\u00e3o da logomarca a seus p\u00e9s, ou seja propaganda e [&hellip;]<\/p>\n","protected":false},"author":2,"featured_media":0,"parent":0,"menu_order":0,"comment_status":"closed","ping_status":"closed","template":"","meta":{"footnotes":""},"class_list":["post-27","page","type-page","status-publish","hentry"],"_links":{"self":[{"href":"https:\/\/temtapetes.com.br\/2021\/wp-json\/wp\/v2\/pages\/27","targetHints":{"allow":["GET"]}}],"collection":[{"href":"https:\/\/temtapetes.com.br\/2021\/wp-json\/wp\/v2\/pages"}],"about":[{"href":"https:\/\/temtapetes.com.br\/2021\/wp-json\/wp\/v2\/types\/page"}],"author":[{"embeddable":true,"href":"https:\/\/temtapetes.com.br\/2021\/wp-json\/wp\/v2\/users\/2"}],"replies":[{"embeddable":true,"href":"https:\/\/temtapetes.com.br\/2021\/wp-json\/wp\/v2\/comments?post=27"}],"version-history":[{"count":13,"href":"https:\/\/temtapetes.com.br\/2021\/wp-json\/wp\/v2\/pages\/27\/revisions"}],"predecessor-version":[{"id":1615,"href":"https:\/\/temtapetes.com.br\/2021\/wp-json\/wp\/v2\/pages\/27\/revisions\/1615"}],"wp:attachment":[{"href":"https:\/\/temtapetes.com.br\/2021\/wp-json\/wp\/v2\/media?parent=27"}],"curies":[{"name":"wp","href":"https:\/\/api.w.org\/{rel}","templated":true}]}}